{"id":54186,"date":"2020-12-16T13:19:15","date_gmt":"2020-12-16T11:19:15","guid":{"rendered":"https:\/\/ffcv.es\/wp\/?page_id=54186"},"modified":"2021-01-19T10:33:35","modified_gmt":"2021-01-19T08:33:35","slug":"comunicacio-i-relacio-amb-federats-i-public","status":"publish","type":"page","link":"https:\/\/ffcv.es\/wp\/va\/comunicacio-i-relacio-amb-federats-i-public\/","title":{"rendered":"Comunicaci\u00f3 i relaci\u00f3 amb federats i p\u00fablic"},"content":{"rendered":"","protected":false},"excerpt":{"rendered":"","protected":false},"author":15,"featured_media":0,"parent":0,"menu_order":0,"comment_status":"closed","ping_status":"closed","template":"","meta":{"om_disable_all_campaigns":false,"footnotes":""},"class_list":["post-54186","page","type-page","status-publish","hentry"],"aioseo_notices":[],"_links":{"self":[{"href":"https:\/\/ffcv.es\/wp\/wp-json\/wp\/v2\/pages\/54186"}],"collection":[{"href":"https:\/\/ffcv.es\/wp\/wp-json\/wp\/v2\/pages"}],"about":[{"href":"https:\/\/ffcv.es\/wp\/wp-json\/wp\/v2\/types\/page"}],"author":[{"embeddable":true,"href":"https:\/\/ffcv.es\/wp\/wp-json\/wp\/v2\/users\/15"}],"replies":[{"embeddable":true,"href":"https:\/\/ffcv.es\/wp\/wp-json\/wp\/v2\/comments?post=54186"}],"version-history":[{"count":4,"href":"https:\/\/ffcv.es\/wp\/wp-json\/wp\/v2\/pages\/54186\/revisions"}],"predecessor-version":[{"id":55259,"href":"https:\/\/ffcv.es\/wp\/wp-json\/wp\/v2\/pages\/54186\/revisions\/55259"}],"wp:attachment":[{"href":"https:\/\/ffcv.es\/wp\/wp-json\/wp\/v2\/media?parent=54186"}],"curies":[{"name":"wp","href":"https:\/\/api.w.org\/{rel}","templated":true}]}}

Comunicació i relació amb federats i públic
