{"id":21776,"date":"2018-06-28T10:07:42","date_gmt":"2018-06-28T10:07:42","guid":{"rendered":"https:\/\/ffcv.es\/wp\/?page_id=21776"},"modified":"2024-09-16T16:09:30","modified_gmt":"2024-09-16T14:09:30","slug":"precios-licencias-temporada-20182019","status":"publish","type":"page","link":"https:\/\/ffcv.es\/wp\/precios-licencias-temporada-20182019\/","title":{"rendered":"Temporada 2021\/2022"},"content":{"rendered":"\n<table class=\"table table-striped\" cellpadding=\"100\">\n<tbody>\n<tr>\n<td colspan=\"5\"><strong>LICENCIAS<\/strong><\/td>\n<\/tr>\n<tr>\n<td colspan=\"2\">&nbsp;<\/td>\n<td><strong>&nbsp;<\/strong><\/td>\n<td><strong>NACIONAL F\u00daTBOL<\/strong><\/td>\n<td><strong>REGIONAL FUTBOL<\/strong><\/td>\n<\/tr>\n<tr>\n<td colspan=\"2\">&nbsp;<\/td>\n<td><strong>Clase<\/strong><\/td>\n<td><strong>Euros<\/strong><\/td>\n<td><strong>Euros<\/strong><\/td>\n<\/tr>\n<tr>\n<td colspan=\"2\">PROFESIONALES<\/td>\n<td>P<\/td>\n<td>55,00<\/td>\n<td>33,00<\/td>\n<\/tr>\n<tr>\n<td colspan=\"2\">FEMENINO PROFESIONAL<\/td>\n<td>PRF<\/td>\n<td>33,00<\/td>\n<td>22,00<\/td>\n<\/tr>\n<tr>\n<td colspan=\"2\">AFICIONADOS<\/td>\n<td>A<\/td>\n<td>11,00<\/td>\n<td>7,15<\/td>\n<\/tr>\n<tr>\n<td colspan=\"2\">FEMENINO AFICIONADO<\/td>\n<td>FA<\/td>\n<td>5,50<\/td>\n<td>4,40<\/td>\n<\/tr>\n<tr>\n<td colspan=\"2\">VETERANOS<\/td>\n<td>VET<\/td>\n<td>&#8212;&#8212;-<\/td>\n<td>7,15<\/td>\n<\/tr>\n<tr>\n<td colspan=\"2\">JUVENILES<\/td>\n<td>J<\/td>\n<td>5,50<\/td>\n<td>4,95<\/td>\n<\/tr>\n<tr>\n<td colspan=\"2\">FEMENINO JUVENIL<\/td>\n<td>FJ<\/td>\n<td>5,50<\/td>\n<td>4,40<\/td>\n<\/tr>\n<tr>\n<td colspan=\"2\">CADETE<\/td>\n<td>C<\/td>\n<td>&#8212;&#8212;&#8211;<\/td>\n<td>3,30<\/td>\n<\/tr>\n<tr>\n<td colspan=\"2\">FEMENINO CADETE<\/td>\n<td>FC<\/td>\n<td>5,50<\/td>\n<td>3,30<\/td>\n<\/tr>\n<tr>\n<td colspan=\"2\">INFANTIL<\/td>\n<td>I\/FI<\/td>\n<td>&#8212;&#8212;&#8211;<\/td>\n<td>3,30<\/td>\n<\/tr>\n<tr>\n<td colspan=\"2\">ALEVIN<\/td>\n<td>AL\/FAL<\/td>\n<td>&#8212;&#8212;&#8211;<\/td>\n<td>3,30<\/td>\n<\/tr>\n<tr>\n<td colspan=\"2\">BENJAMIN<\/td>\n<td>B\/FB<\/td>\n<td>&#8212;&#8212;&#8211;<\/td>\n<td>3,30<\/td>\n<\/tr>\n<tr>\n<td colspan=\"2\">PREBENJAMIN<\/td>\n<td>PB\/FPB<\/td>\n<td>&#8212;&#8212;&#8211;<\/td>\n<td>3,30<\/td>\n<\/tr>\n<tr>\n<td colspan=\"2\">ENTRENADOR<\/td>\n<td>E<\/td>\n<td>55,00<\/td>\n<td>17.00<\/td>\n<\/tr>\n<tr>\n<td colspan=\"2\">SEGUNDO ENTRENADOR<\/td>\n<td>E2<\/td>\n<td>27.50<\/td>\n<td>17.00<\/td>\n<\/tr>\n<tr>\n<td colspan=\"2\">ENTRENADOR PORTEROS<\/td>\n<td>EP<\/td>\n<td>27.50<\/td>\n<td>17.00<\/td>\n<\/tr>\n<tr>\n<td colspan=\"2\">ENCARGADO MATERIAL<\/td>\n<td>EM<\/td>\n<td>16,50<\/td>\n<td>7.00<\/td>\n<\/tr>\n<tr>\n<td colspan=\"2\">A.T.S. FISIOTERAPEUTA<\/td>\n<td>ATS<\/td>\n<td>27,50<\/td>\n<td>17,60<\/td>\n<\/tr>\n<tr>\n<td colspan=\"2\">AYUDANTE SANITARIO<\/td>\n<td>AY<\/td>\n<td>22,00<\/td>\n<td>13,20<\/td>\n<\/tr>\n<tr>\n<td colspan=\"2\">MEDICO<\/td>\n<td>M<\/td>\n<td>44,00<\/td>\n<td>15.00<\/td>\n<\/tr>\n<tr>\n<td colspan=\"2\">PREPARADOR FISICO<\/td>\n<td>PF<\/td>\n<td>27,50<\/td>\n<td>17.00<\/td>\n<\/tr>\n<tr>\n<td colspan=\"2\">DELEGADO<\/td>\n<td>D<\/td>\n<td>18,70<\/td>\n<td>7.00<\/td>\n<\/tr>\n<tr>\n<td colspan=\"2\">MONITOR<\/td>\n<td>M<\/td>\n<td>&nbsp;<\/td>\n<td>10.00<\/td>\n<\/tr>\n<tr>\n<td colspan=\"2\">&nbsp;<\/td>\n<td>&nbsp;<\/td>\n<td colspan=\"2\">&nbsp;<\/td>\n<\/tr>\n<tr>\n<td colspan=\"5\"><strong>CUOTAS RENOVACIONES DE LICENCIAS<\/strong><\/td>\n<\/tr>\n<tr>\n<td>&nbsp;<\/td>\n<td colspan=\"2\">Clase<\/td>\n<td colspan=\"2\">Euros<\/td>\n<\/tr>\n<tr>\n<td>AFICIONADO<\/td>\n<td colspan=\"2\">A<\/td>\n<td colspan=\"2\">2,50<\/td>\n<\/tr>\n<tr>\n<td width=\"151\">JUVENIL<\/td>\n<td colspan=\"2\">J<\/td>\n<td colspan=\"2\">2,50<\/td>\n<\/tr>\n<\/tbody>\n<\/table>\n\n<p>La licencia de <strong>DELEGADO<\/strong> ser\u00e1 obligatoria para ejercer dicha funci\u00f3n tanto como Delegado como Delegado de Campo en todos los partidos de <strong>Categor\u00eda Territorial<\/strong>. El \u00e1rbitro <strong>no consentir\u00e1 <\/strong>la permanencia en los banquillos a quienes <strong>no dispongan<\/strong> de licencia Federativa debidamente formalizada.<\/p>\n<p><b>PARA PODER RETIRAR LOS IMPRESOS DE LICENCIAS, LOS CLUBES DEBER\u00c1N&nbsp;HALLARSE, INELUDIBLEMENTE, AL CORRIENTE DE LOS D\u00c9BITOS&nbsp;FEDERATIVOS, Y DE LOS QUE, RECONOCIDOS POR ESTE ORGANISMO, PUEDA EL PETICIONARIO TENER CON OTRAS ENTIDADES, CON ENTRENADORES, ETC.<\/b><\/p>\n\n\n<p><a href=\"\/docs\/licencias\/temporada19_20\/precios_licencias_19_20.pdf\" target=\"_blank\" rel=\"noreferrer noopener\" aria-label=\"Do\ufffccumento oficial (abre en una nueva pesta\u00f1a)\">Do<img decoding=\"async\" class=\"wp-image-32474\" style=\"width: NaNpx;\" src=\"https:\/\/ffcv.es\/wp\/wp-content\/uploads\/2019\/07\/precios_licencias_19_20.pdf\" alt=\"\">cumento oficial<\/a><\/p>\n","protected":false},"excerpt":{"rendered":"<p>&nbsp; La licencia de DELEGADO ser\u00e1 obligatoria para ejercer dicha funci\u00f3n tanto como Delegado como Delegado de Campo en todos los partidos de Categor\u00eda Territorial. El \u00e1rbitro no consentir\u00e1 la permanencia en los banquillos a quienes no dispongan de licencia Federativa debidamente formalizada. PARA PODER RETIRAR LOS IMPRESOS DE LICENCIAS, LOS CLUBES DEBER\u00c1N&nbsp;HALLARSE, INELUDIBLEMENTE, AL<\/p>\n","protected":false},"author":3,"featured_media":0,"parent":0,"menu_order":0,"comment_status":"closed","ping_status":"closed","template":"","meta":{"om_disable_all_campaigns":false,"footnotes":""},"class_list":["post-21776","page","type-page","status-publish","hentry"],"aioseo_notices":[],"_links":{"self":[{"href":"https:\/\/ffcv.es\/wp\/wp-json\/wp\/v2\/pages\/21776"}],"collection":[{"href":"https:\/\/ffcv.es\/wp\/wp-json\/wp\/v2\/pages"}],"about":[{"href":"https:\/\/ffcv.es\/wp\/wp-json\/wp\/v2\/types\/page"}],"author":[{"embeddable":true,"href":"https:\/\/ffcv.es\/wp\/wp-json\/wp\/v2\/users\/3"}],"replies":[{"embeddable":true,"href":"https:\/\/ffcv.es\/wp\/wp-json\/wp\/v2\/comments?post=21776"}],"version-history":[{"count":5,"href":"https:\/\/ffcv.es\/wp\/wp-json\/wp\/v2\/pages\/21776\/revisions"}],"predecessor-version":[{"id":145655,"href":"https:\/\/ffcv.es\/wp\/wp-json\/wp\/v2\/pages\/21776\/revisions\/145655"}],"wp:attachment":[{"href":"https:\/\/ffcv.es\/wp\/wp-json\/wp\/v2\/media?parent=21776"}],"curies":[{"name":"wp","href":"https:\/\/api.w.org\/{rel}","templated":true}]}}

<table class="table table-striped" cellpadding="100">
<tbody>
<tr>
<td colspan="5"><strong>LICENCIAS</strong></td>
</tr>
<tr>
<td colspan="2">&nbsp;</td>
<td><strong>&nbsp;</strong></td>
<td><strong>NACIONAL FÚTBOL</strong></td>
<td><strong>REGIONAL FUTBOL</strong></td>
</tr>
<tr>
<td colspan="2">&nbsp;</td>
<td><strong>Clase</strong></td>
<td><strong>Euros</strong></td>
<td><strong>Euros</strong></td>
</tr>
<tr>
<td colspan="2">PROFESIONALES</td>
<td>P</td>
<td>55,00</td>
<td>33,00</td>
</tr>
<tr>
<td colspan="2">FEMENINO PROFESIONAL</td>
<td>PRF</td>
<td>33,00</td>
<td>22,00</td>
</tr>
<tr>
<td colspan="2">AFICIONADOS</td>
<td>A</td>
<td>11,00</td>
<td>7,15</td>
</tr>
<tr>
<td colspan="2">FEMENINO AFICIONADO</td>
<td>FA</td>
<td>5,50</td>
<td>4,40</td>
</tr>
<tr>
<td colspan="2">VETERANOS</td>
<td>VET</td>
<td>&#8212;&#8212;-</td>
<td>7,15</td>
</tr>
<tr>
<td colspan="2">JUVENILES</td>
<td>J</td>
<td>5,50</td>
<td>4,95</td>
</tr>
<tr>
<td colspan="2">FEMENINO JUVENIL</td>
<td>FJ</td>
<td>5,50</td>
<td>4,40</td>
</tr>
<tr>
<td colspan="2">CADETE</td>
<td>C</td>
<td>&#8212;&#8212;&#8211;</td>
<td>3,30</td>
</tr>
<tr>
<td colspan="2">FEMENINO CADETE</td>
<td>FC</td>
<td>5,50</td>
<td>3,30</td>
</tr>
<tr>
<td colspan="2">INFANTIL</td>
<td>I/FI</td>
<td>&#8212;&#8212;&#8211;</td>
<td>3,30</td>
</tr>
<tr>
<td colspan="2">ALEVIN</td>
<td>AL/FAL</td>
<td>&#8212;&#8212;&#8211;</td>
<td>3,30</td>
</tr>
<tr>
<td colspan="2">BENJAMIN</td>
<td>B/FB</td>
<td>&#8212;&#8212;&#8211;</td>
<td>3,30</td>
</tr>
<tr>
<td colspan="2">PREBENJAMIN</td>
<td>PB/FPB</td>
<td>&#8212;&#8212;&#8211;</td>
<td>3,30</td>
</tr>
<tr>
<td colspan="2">ENTRENADOR</td>
<td>E</td>
<td>55,00</td>
<td>17.00</td>
</tr>
<tr>
<td colspan="2">SEGUNDO ENTRENADOR</td>
<td>E2</td>
<td>27.50</td>
<td>17.00</td>
</tr>
<tr>
<td colspan="2">ENTRENADOR PORTEROS</td>
<td>EP</td>
<td>27.50</td>
<td>17.00</td>
</tr>
<tr>
<td colspan="2">ENCARGADO MATERIAL</td>
<td>EM</td>
<td>16,50</td>
<td>7.00</td>
</tr>
<tr>
<td colspan="2">A.T.S. FISIOTERAPEUTA</td>
<td>ATS</td>
<td>27,50</td>
<td>17,60</td>
</tr>
<tr>
<td colspan="2">AYUDANTE SANITARIO</td>
<td>AY</td>
<td>22,00</td>
<td>13,20</td>
</tr>
<tr>
<td colspan="2">MEDICO</td>
<td>M</td>
<td>44,00</td>
<td>15.00</td>
</tr>
<tr>
<td colspan="2">PREPARADOR FISICO</td>
<td>PF</td>
<td>27,50</td>
<td>17.00</td>
</tr>
<tr>
<td colspan="2">DELEGADO</td>
<td>D</td>
<td>18,70</td>
<td>7.00</td>
</tr>
<tr>
<td colspan="2">MONITOR</td>
<td>M</td>
<td>&nbsp;</td>
<td>10.00</td>
</tr>
<tr>
<td colspan="2">&nbsp;</td>
<td>&nbsp;</td>
<td colspan="2">&nbsp;</td>
</tr>
<tr>
<td colspan="5"><strong>CUOTAS RENOVACIONES DE LICENCIAS</strong></td>
</tr>
<tr>
<td>&nbsp;</td>
<td colspan="2">Clase</td>
<td colspan="2">Euros</td>
</tr>
<tr>
<td>AFICIONADO</td>
<td colspan="2">A</td>
<td colspan="2">2,50</td>
</tr>
<tr>
<td width="151">JUVENIL</td>
<td colspan="2">J</td>
<td colspan="2">2,50</td>
</tr>
</tbody>
</table>

<p>La licencia de <strong>DELEGADO</strong> será obligatoria para ejercer dicha función tanto como Delegado como Delegado de Campo en todos los partidos de <strong>Categoría Territorial</strong>. El árbitro <strong>no consentirá </strong>la permanencia en los banquillos a quienes <strong>no dispongan</strong> de licencia Federativa debidamente formalizada.</p>
<p><b>PARA PODER RETIRAR LOS IMPRESOS DE LICENCIAS, LOS CLUBES DEBERÁN&nbsp;HALLARSE, INELUDIBLEMENTE, AL CORRIENTE DE LOS DÉBITOS&nbsp;FEDERATIVOS, Y DE LOS QUE, RECONOCIDOS POR ESTE ORGANISMO, PUEDA EL PETICIONARIO TENER CON OTRAS ENTIDADES, CON ENTRENADORES, ETC.</b></p>


<p><a href="/docs/licencias/temporada19_20/precios_licencias_19_20.pdf" target="_blank" rel="noreferrer noopener" aria-label="Do￼cumento oficial (abre en una nueva pestaña)">Do<img decoding="async" class="wp-image-32474" style="width: NaNpx;" src="https://ffcv.es/wp/wp-content/uploads/2019/07/precios_licencias_19_20.pdf" alt="">cumento oficial</a></p>

<p>&nbsp; La licencia de DELEGADO será obligatoria para ejercer dicha función tanto como Delegado como Delegado de Campo en todos los partidos de Categoría Territorial. El árbitro no consentirá la permanencia en los banquillos a quienes no dispongan de licencia Federativa debidamente formalizada. PARA PODER RETIRAR LOS IMPRESOS DE LICENCIAS, LOS CLUBES DEBERÁN&nbsp;HALLARSE, INELUDIBLEMENTE, AL</p>
